{"id":6504,"date":"2022-07-26T20:15:20","date_gmt":"2022-07-26T20:15:20","guid":{"rendered":"http:\/\/etchegoyen.cl\/casacentral\/?page_id=6504"},"modified":"2022-12-27T09:37:29","modified_gmt":"2022-12-27T12:37:29","slug":"historia","status":"publish","type":"page","link":"http:\/\/etchegoyen.cl\/casacentral\/historia\/","title":{"rendered":"Historia"},"content":{"rendered":"<p>[vc_row][vc_column][vc_custom_heading text=&#8221;Nuestra Historia&#8221; font_container=&#8221;tag:h2|text_align:left|color:%231e73be&#8221;][vc_column_text css_animation=&#8221;fadeIn&#8221;]<\/p>\n<p style=\"text-align: justify;\">Nuestra Instituci\u00f3n es patrocinada por la Corporaci\u00f3n Educacional Mas\u00f3nica de Talcahuano, la que realiza actividades de educaci\u00f3n en los niveles de ense\u00f1anza Pre-b\u00e1sica, B\u00e1sica y Media del sistema de educaci\u00f3n chileno.<\/p>\n<p style=\"text-align: justify;\">Los antecedentes fundacionales del Colegio Etchegoyen se encuentran en una atractiva evoluci\u00f3n que comienza en mayo de 1911, con la creaci\u00f3n de la Escuela Nocturna Camilo Henr\u00edquez, obra con la que se empiezan a materializar los prop\u00f3sitos de la Corporaci\u00f3n.<\/p>\n<p style=\"text-align: justify;\">En marzo de 1914 se funda el establecimiento denominado \u201cKindergarden Talcahuano\u201d, que abri\u00f3 con una primera matr\u00edcula de 32 alumnos.<\/p>\n<p style=\"text-align: justify;\">Con el paso del tiempo se fue acrecentando nuestro prestigio como establecimiento educacional particular no subvencionado, con cursos que atend\u00edan exclusivamente el nivel b\u00e1sico. En 1979, la Corporaci\u00f3n adquiere un vuelco inusitado y decide extender su acci\u00f3n a la ense\u00f1anza media humanista- cient\u00edfica, inici\u00e1ndose gradualmente la creaci\u00f3n de cursos de ese nivel.<\/p>\n<p style=\"text-align: justify;\">Ya en 1983 el colegio atend\u00eda a 300 alumnos y grad\u00faa al primer grupo de egresados de ense\u00f1anza media. En los a\u00f1os siguientes se crean cursos paralelos y el aumento de alumnos supera los 900, con atenci\u00f3n desde pre-kinder hasta cuarto a\u00f1o de ense\u00f1anza media.<\/p>\n<p style=\"text-align: justify;\">En 1940, el Honorable Consejo de la Corporaci\u00f3n presidido por el eminente educador porte\u00f1o don Jos\u00e9 A. Cid Bast\u00edas, acuerda cambiar el nombre por el de Colegio Particular \u201cJuan Bautista Etchegoyen Ur\u00eda\u201d, en homenaje al fallecido socio de la Liga y benefactor del colegio. Finalmente, a contar desde 1990 se llama oficialmente \u201cCOLEGIO ETCHEGOYEN\u201d.<\/p>\n<p style=\"text-align: justify;\">Nuestro establecimiento ha ocupado a lo largo de la historia distintos inmuebles, siendo uno de \u00e9stos el de la calle Valdivia N\u00ba 226, el que en 1949 fue vendido y permiti\u00f3 la adquisici\u00f3n de la propiedad que actualmente ocupa en calle An\u00edbal Pinto N\u00ba 318 \u2013 332 \u2013 340. As\u00ed, el 5 de enero de 1950, oficialmente es propiedad de la Corporaci\u00f3n Educacional Mas\u00f3nica de Talcahuano.<\/p>\n<p style=\"text-align: justify;\">Actualmente, el Colegio Etchegoyen se posiciona como uno de los establecimientos m\u00e1s destacados de la zona, en donde se imparte una educaci\u00f3n Humanista- Laica desde el a\u00f1o 1911.<\/p>\n<p style=\"text-align: justify;\">A partir del a\u00f1o 2021 se inaugura la Sede de Brisa del Sol. En la actualidad el colegio cuenta con una matr\u00edcula total de 2264 estudiantes.<\/p>\n<p>[\/vc_column_text][vc_column_text]<\/p>\n<p style=\"text-align: center;\"><iframe loading=\"lazy\" title=\"YouTube video player\" src=\"https:\/\/www.youtube.com\/embed\/sMlg6NE3q4U\" width=\"560\" height=\"400\" frameborder=\"0\" allowfullscreen=\"allowfullscreen\"><\/iframe><\/p>\n<p>[\/vc_column_text][\/vc_column][\/vc_row][vc_row css=&#8221;.vc_custom_1659232914407{background-image: url(http:\/\/etchegoyen.cl\/casacentral\/wp-content\/uploads\/2022\/07\/bg.jpg?id=6683) !important;}&#8221;][vc_column width=&#8221;1\/3&#8243;]\n\t<div class=\"counter-top-area style-light \" >\n    <div class=\"rs-counter-list\">\n\t\t<div class=\"count-icon\"><i class=\"fas fa-user-graduate\" style=\"color: #ffffff\"><\/i><\/div>\n        <div class=\"count-text\"><div class=\"count-number\" style=\"color: #ffffff\"><h3 class=\"rs-counter\" style=\"color: #ffffff\">1200<\/h3><\/div>         \n        <h4 style=\"color: #ffffff\">ESTUDIANTES<\/h4><\/div>\n    <\/div><\/div>[\/vc_column][vc_column width=&#8221;1\/3&#8243;]\n\t<div class=\"counter-top-area style-light \" >\n    <div class=\"rs-counter-list\">\n\t\t<div class=\"count-icon\"><i class=\"fas fa-apple-alt\" style=\"color: #ffffff\"><\/i><\/div>\n        <div class=\"count-text\"><div class=\"count-number\" style=\"color: #ffffff\"><h3 class=\"rs-counter\" style=\"color: #ffffff\">36<\/h3><\/div>         \n        <h4 style=\"color: #ffffff\">CURSOS<\/h4><\/div>\n    <\/div><\/div>[\/vc_column][vc_column width=&#8221;1\/3&#8243;]\n\t<div class=\"counter-top-area style-light \" >\n    <div class=\"rs-counter-list\">\n\t\t<div class=\"count-icon\"><i class=\"fas fa-chalkboard-teacher\" style=\"color: #ffffff\"><\/i><\/div>\n        <div class=\"count-text\"><div class=\"count-number\" style=\"color: #ffffff\"><h3 class=\"rs-counter\" style=\"color: #ffffff\">63<\/h3><\/div>         \n        <h4 style=\"color: #ffffff\">PROFESORES\/AS<\/h4><\/div>\n    <\/div><\/div>[\/vc_column][\/vc_row]<\/p>\n","protected":false},"excerpt":{"rendered":"<p>[vc_row][vc_column][vc_custom_heading text=&#8221;Nuestra Historia&#8221; font_container=&#8221;tag:h2|text_align:left|color:%231e73be&#8221;][vc_column_text css_animation=&#8221;fadeIn&#8221;] Nuestra Instituci\u00f3n es patrocinada por la Corporaci\u00f3n Educacional Mas\u00f3nica de Talcahuano, la que realiza actividades de educaci\u00f3n en los niveles de ense\u00f1anza Pre-b\u00e1sica,&#8230;<\/p>\n","protected":false},"author":1,"featured_media":0,"parent":0,"menu_order":0,"comment_status":"closed","ping_status":"closed","template":"","meta":{"footnotes":"","_links_to":"","_links_to_target":""},"class_list":["post-6504","page","type-page","status-publish","hentry"],"_links":{"self":[{"href":"http:\/\/etchegoyen.cl\/casacentral\/wp-json\/wp\/v2\/pages\/6504","targetHints":{"allow":["GET"]}}],"collection":[{"href":"http:\/\/etchegoyen.cl\/casacentral\/wp-json\/wp\/v2\/pages"}],"about":[{"href":"http:\/\/etchegoyen.cl\/casacentral\/wp-json\/wp\/v2\/types\/page"}],"author":[{"embeddable":true,"href":"http:\/\/etchegoyen.cl\/casacentral\/wp-json\/wp\/v2\/users\/1"}],"replies":[{"embeddable":true,"href":"http:\/\/etchegoyen.cl\/casacentral\/wp-json\/wp\/v2\/comments?post=6504"}],"version-history":[{"count":21,"href":"http:\/\/etchegoyen.cl\/casacentral\/wp-json\/wp\/v2\/pages\/6504\/revisions"}],"predecessor-version":[{"id":6836,"href":"http:\/\/etchegoyen.cl\/casacentral\/wp-json\/wp\/v2\/pages\/6504\/revisions\/6836"}],"wp:attachment":[{"href":"http:\/\/etchegoyen.cl\/casacentral\/wp-json\/wp\/v2\/media?parent=6504"}],"curies":[{"name":"wp","href":"https:\/\/api.w.org\/{rel}","templated":true}]}}