{"id":6704,"date":"2022-07-28T00:02:06","date_gmt":"2022-07-28T04:02:06","guid":{"rendered":"http:\/\/etchegoyen.cl\/casacentral\/?page_id=6704"},"modified":"2025-03-28T11:20:45","modified_gmt":"2025-03-28T14:20:45","slug":"director-de-docencia","status":"publish","type":"page","link":"http:\/\/etchegoyen.cl\/casacentral\/director-de-docencia\/","title":{"rendered":"INSPECTOR GENERAL"},"content":{"rendered":"<p>[vc_row][vc_column][vc_single_image image=&#8221;11821&#8243; img_size=&#8221;full&#8221; alignment=&#8221;center&#8221;][vc_column_text]<\/p>\n<h3 style=\"text-align: center;\"><strong>Mario Sanzana Leiva<\/strong><\/h3>\n<p>[\/vc_column_text][\/vc_column][\/vc_row][vc_row][vc_column][vc_separator][vc_column_text]<\/p>\n<p style=\"text-align: justify;\">Nuestro colegio, como toda instituci\u00f3n educacional, tiene una misi\u00f3n declarada en su PEI, principal instrumento de gesti\u00f3n que orienta nuestro quehacer educativo. Es un documento en donde se definen los componentes de la cultura escolar que el establecimiento quiere promover y alcanzar, gu\u00eda la reflexi\u00f3n y decisiones que toma la comunidad educativa.<\/p>\n<p style=\"text-align: justify;\">En nuestro caso es <em>la priorizaci\u00f3n de la formaci\u00f3n de la persona inspirada en los principios y valores de humanismo laico.<\/em> Ese es el sello que nos identifica y hacia el cual se encamina nuestra gesti\u00f3n educativa y, por lo tanto, toda la comunidad etchegoyana debe adherirse a este prop\u00f3sito. Especialmente las familias que acompa\u00f1an a nuestros estudiantes, quienes desarrollan una labor fundamental en la formaci\u00f3n de sus hijas e hijos.<\/p>\n<p style=\"text-align: justify;\">En este mundo convulsionado donde prima el individualismo, la adquisici\u00f3n de bienes materiales por sobre el desarrollo del ser, donde nuestra sociedad pareciera que fuera hacia un camino de autodestrucci\u00f3n; adquiere relevancia, con mayor fuerza, el rol de madres o padres como primeros educadores. \u00c9stos desempe\u00f1an una funci\u00f3n crucial en la formaci\u00f3n de valores que orientan las actitudes y conductas e influyen en el bienestar emocional de las ni\u00f1as y ni\u00f1os, por lo que es primordial la participaci\u00f3n de familias activas y comprometidas con la educaci\u00f3n de sus hijas e hijos.<\/p>\n<p style=\"text-align: justify;\">Como colegio estamos preocupados de formar integralmente a nuestros estudiantes, sin hacer distinciones de ning\u00fan tipo, dando a todos y todas las mismas oportunidades de aprendizaje. En esta tarea trabajamos coordinadamente profesores, asistentes de la educaci\u00f3n, administrativos y directivos.<\/p>\n<p style=\"text-align: justify;\">Es en ese sentido que no solo debemos preocuparnos de que aprendan los contenidos establecidos en el curr\u00edculum nacional, sino que tambi\u00e9n aprendan la importancia del desarrollo de valores positivos como el respeto, la tolerancia, la no discriminaci\u00f3n, la fraternidad, la exaltaci\u00f3n del trabajo, el respeto al medio ambiente, la sostenibilidad ambiental y tantos otros que potencian nuestro crecimiento como individuos plenos de humanidad.<\/p>\n<p style=\"text-align: justify;\">Gabriela Mistral nos dec\u00eda <em>\u201cEnse\u00f1ar siempre: en el patio y en la calle como en la sala de clase. Ense\u00f1ar con la actitud, el gesto y la palabra<\/em>\u201d. No es necesario ser profesor para ense\u00f1ar c\u00f3mo comportarse, c\u00f3mo comer, h\u00e1bitos de aseo, saludar o dar las gracias; conductas b\u00e1sicas para una convivencia interpersonal e intrapersonal.<\/p>\n<p style=\"text-align: justify;\">Necesitamos continuar trabajando en conjunto para lograr personas \u00edntegras, con valores claros, bien configurados y con una congruencia que les d\u00e9 credibilidad.<\/p>\n<p style=\"text-align: justify;\">Finalmente quiero aprovechar esta oportunidad para agradecer a todos y todas quienes forman parte de esta Comunidad Educativa, especialmente, quiero reconocer a los profesores y asistentes de la educaci\u00f3n. Agradezco su compromiso con este proyecto educativo y por, sobre todo, las muestras de afecto, amor y cari\u00f1o que en forma diaria entregan a nuestros ni\u00f1os, ni\u00f1as y j\u00f3venes.<\/p>\n<p>[\/vc_column_text][\/vc_column][\/vc_row]<\/p>\n","protected":false},"excerpt":{"rendered":"<p>[vc_row][vc_column][vc_single_image image=&#8221;11821&#8243; img_size=&#8221;full&#8221; alignment=&#8221;center&#8221;][vc_column_text] Mario Sanzana Leiva [\/vc_column_text][\/vc_column][\/vc_row][vc_row][vc_column][vc_separator][vc_column_text] Nuestro colegio, como toda instituci\u00f3n educacional, tiene una misi\u00f3n declarada en su PEI, principal instrumento de gesti\u00f3n que orienta nuestro&#8230;<\/p>\n","protected":false},"author":1,"featured_media":0,"parent":0,"menu_order":0,"comment_status":"closed","ping_status":"closed","template":"","meta":{"footnotes":"","_links_to":"","_links_to_target":""},"class_list":["post-6704","page","type-page","status-publish","hentry"],"_links":{"self":[{"href":"http:\/\/etchegoyen.cl\/casacentral\/wp-json\/wp\/v2\/pages\/6704","targetHints":{"allow":["GET"]}}],"collection":[{"href":"http:\/\/etchegoyen.cl\/casacentral\/wp-json\/wp\/v2\/pages"}],"about":[{"href":"http:\/\/etchegoyen.cl\/casacentral\/wp-json\/wp\/v2\/types\/page"}],"author":[{"embeddable":true,"href":"http:\/\/etchegoyen.cl\/casacentral\/wp-json\/wp\/v2\/users\/1"}],"replies":[{"embeddable":true,"href":"http:\/\/etchegoyen.cl\/casacentral\/wp-json\/wp\/v2\/comments?post=6704"}],"version-history":[{"count":8,"href":"http:\/\/etchegoyen.cl\/casacentral\/wp-json\/wp\/v2\/pages\/6704\/revisions"}],"predecessor-version":[{"id":11839,"href":"http:\/\/etchegoyen.cl\/casacentral\/wp-json\/wp\/v2\/pages\/6704\/revisions\/11839"}],"wp:attachment":[{"href":"http:\/\/etchegoyen.cl\/casacentral\/wp-json\/wp\/v2\/media?parent=6704"}],"curies":[{"name":"wp","href":"https:\/\/api.w.org\/{rel}","templated":true}]}}