{"id":6710,"date":"2022-07-28T00:15:36","date_gmt":"2022-07-28T04:15:36","guid":{"rendered":"http:\/\/etchegoyen.cl\/casacentral\/?page_id=6710"},"modified":"2026-03-05T15:18:26","modified_gmt":"2026-03-05T18:18:26","slug":"departamento-de-orientacion","status":"publish","type":"page","link":"http:\/\/etchegoyen.cl\/casacentral\/departamento-de-orientacion\/","title":{"rendered":"DEPARTAMENTO DE ORIENTACI\u00d3N"},"content":{"rendered":"<p>[vc_row][vc_column][vc_single_image image=&#8221;13750&#8243; img_size=&#8221;full&#8221; alignment=&#8221;center&#8221;][vc_column_text]<\/p>\n<h3 style=\"text-align: center;\">Valentina Palma Ross &#8211; Paulina Garc\u00eda<\/h3>\n<p>[\/vc_column_text][vc_custom_heading text=&#8221;\u201cReplantearnos el rol del profesor jefe como base de la educaci\u00f3n emocional\u201d&#8221; font_container=&#8221;tag:h2|text_align:left|color:%231e73be&#8221;][vc_column_text]&#8221;El futuro pertenece a quienes creen en la belleza de sus sue\u00f1os&#8221; (Eleanor Roosevelt). Este es un momento de reflexi\u00f3n y celebraci\u00f3n, donde cerramos un cap\u00edtulo importante de sus vidas y nos preparamos para el emocionante viaje que tienen por delante.<\/p>\n<p>A lo largo de estos a\u00f1os, han recorrido un camino lleno de aprendizajes y experiencias que los han formado. Algunos de ustedes han estado aqu\u00ed desde prek\u00ednder, mientras que otros se han unido en el camino. Cada uno ha enfrentado desaf\u00edos acad\u00e9micos y personales, demostrando una incre\u00edble capacidad para levantarse ante las adversidades. Recuerden que cada obst\u00e1culo es una oportunidad disfrazada, una lecci\u00f3n que les ayudar\u00e1 a crecer.<\/p>\n<p>Al mirar hacia el futuro, los animamos a so\u00f1ar en grande y a perseguir esos sue\u00f1os con valent\u00eda. La b\u00fasqueda de lo que les apasiona es fundamental para encontrar la felicidad y el \u00e9xito. No subestimen el poder de sus aspiraciones y el impacto que pueden tener en el mundo.<\/p>\n<p>El aprendizaje no termina aqu\u00ed; sigan explorando y cuestionando el mundo que los rodea. El conocimiento es una herramienta poderosa que les permitir\u00e1 ser agentes de cambio y progreso en nuestra sociedad.<\/p>\n<p>Las amistades que han formado aqu\u00ed son un tesoro invaluable. Fortalezcan esos lazos y busquen rodearse de quienes los inspiran y motivan, porque juntos podr\u00e1n superar cualquier desaf\u00edo que se les presente. Adem\u00e1s, recuerden siempre la importancia de la gratitud; t\u00f3mense un momento para agradecer a sus padres, abuelos, familiares, profesores y a todos aquellos que los han apoyado en este viaje.<\/p>\n<p>\u00a1Felicitaciones por alcanzar este importante logro! Les deseamos un futuro lleno de \u00e9xitos, oportunidades, amor y realizaci\u00f3n personal. Que cada experiencia que vivan les enriquezca a\u00fan m\u00e1s en su camino diario de crecimiento y formaci\u00f3n. Que siempre mantengan viva su curiosidad y pasi\u00f3n. Este es solo el comienzo de un viaje emocionante.[\/vc_column_text][\/vc_column][\/vc_row]<\/p>\n","protected":false},"excerpt":{"rendered":"<p>[vc_row][vc_column][vc_single_image image=&#8221;13750&#8243; img_size=&#8221;full&#8221; alignment=&#8221;center&#8221;][vc_column_text] Valentina Palma Ross &#8211; Paulina Garc\u00eda [\/vc_column_text][vc_custom_heading text=&#8221;\u201cReplantearnos el rol del profesor jefe como base de la educaci\u00f3n emocional\u201d&#8221; font_container=&#8221;tag:h2|text_align:left|color:%231e73be&#8221;][vc_column_text]&#8221;El futuro pertenece a quienes&#8230;<\/p>\n","protected":false},"author":1,"featured_media":0,"parent":0,"menu_order":0,"comment_status":"closed","ping_status":"closed","template":"","meta":{"footnotes":"","_links_to":"","_links_to_target":""},"class_list":["post-6710","page","type-page","status-publish","hentry"],"_links":{"self":[{"href":"http:\/\/etchegoyen.cl\/casacentral\/wp-json\/wp\/v2\/pages\/6710","targetHints":{"allow":["GET"]}}],"collection":[{"href":"http:\/\/etchegoyen.cl\/casacentral\/wp-json\/wp\/v2\/pages"}],"about":[{"href":"http:\/\/etchegoyen.cl\/casacentral\/wp-json\/wp\/v2\/types\/page"}],"author":[{"embeddable":true,"href":"http:\/\/etchegoyen.cl\/casacentral\/wp-json\/wp\/v2\/users\/1"}],"replies":[{"embeddable":true,"href":"http:\/\/etchegoyen.cl\/casacentral\/wp-json\/wp\/v2\/comments?post=6710"}],"version-history":[{"count":12,"href":"http:\/\/etchegoyen.cl\/casacentral\/wp-json\/wp\/v2\/pages\/6710\/revisions"}],"predecessor-version":[{"id":13751,"href":"http:\/\/etchegoyen.cl\/casacentral\/wp-json\/wp\/v2\/pages\/6710\/revisions\/13751"}],"wp:attachment":[{"href":"http:\/\/etchegoyen.cl\/casacentral\/wp-json\/wp\/v2\/media?parent=6710"}],"curies":[{"name":"wp","href":"https:\/\/api.w.org\/{rel}","templated":true}]}}