{"id":6716,"date":"2022-07-28T00:17:05","date_gmt":"2022-07-28T04:17:05","guid":{"rendered":"http:\/\/etchegoyen.cl\/casacentral\/?page_id=6716"},"modified":"2026-03-10T10:36:25","modified_gmt":"2026-03-10T13:36:25","slug":"convivencia-escolar","status":"publish","type":"page","link":"http:\/\/etchegoyen.cl\/casacentral\/convivencia-escolar\/","title":{"rendered":"CONVIVENCIA ESCOLAR"},"content":{"rendered":"<p>[vc_row][vc_column][vc_single_image image=&#8221;13816&#8243; img_size=&#8221;large&#8221; alignment=&#8221;center&#8221;][vc_column_text]<\/p>\n<h3 style=\"text-align: center;\"><strong>Camila Mesas Galaz &#8211;\u00a0 Paula <\/strong><strong>Ch\u00e1vez <\/strong><strong>Hern\u00e1ndez<\/strong><\/h3>\n<p>[\/vc_column_text][vc_separator][vc_column_text]<\/p>\n<h2 style=\"text-align: center;\"><strong>&#8220;Desaf\u00edos de la Convivencia Escolar: Construyendo Comunidades de Respeto y Colaboraci\u00f3n&#8221;<\/strong><\/h2>\n<p style=\"text-align: justify;\">La convivencia escolar sigue siendo uno de los pilares fundamentales para el desarrollo integral de los estudiantes, desde prekinder hasta cuarto medio. Durante este a\u00f1o, hemos enfrentado juntos desaf\u00edos que nos han permitido reflexionar sobre el rol de cada uno en la construcci\u00f3n de una comunidad escolar segura, inclusiva y colaborativa, en la que todos podamos sentirnos valorados y respetados.<\/p>\n<p style=\"text-align: justify;\">La Pol\u00edtica Nacional de Convivencia Escolar nos orienta hacia una convivencia que promueva el bienestar y la dignidad de todas las personas en el espacio educativo. Bajo este marco, hemos trabajado para integrar y respetar la diversidad, promoviendo la inclusi\u00f3n de estudiantes con distintas capacidades, culturas, orientaciones e intereses. Este compromiso por la diversidad no solo responde a una normativa, sino a la convicci\u00f3n de que cada estudiante aporta una riqueza \u00fanica a nuestro entorno, y que todos tenemos la responsabilidad de aprender a convivir en paz.<\/p>\n<p style=\"text-align: justify;\">Uno de los principales desaf\u00edos de este a\u00f1o ha sido el fomento de una cultura de respeto mutuo y la prevenci\u00f3n de situaciones de violencia y acoso escolar. Hemos buscado no solo actuar cuando se presentan estos conflictos, sino tambi\u00e9n trabajar de manera preventiva. Las instancias de mediaci\u00f3n y reflexi\u00f3n en la que participan estudiantes, docentes y\/o apoderados\/as nos ayudan a enfrentar conflictos con empat\u00eda y respeto, mostrando el poder de la resoluci\u00f3n pac\u00edfica de los problemas.<\/p>\n<p style=\"text-align: justify;\">Asimismo, fortalecer los canales de comunicaci\u00f3n entre todos los miembros de la comunidad educativa ha sido clave, fomentando la comunicaci\u00f3n asertiva y la escucha activa en el d\u00eda a d\u00eda, lo que nos ha permitido resolver malentendidos y crear un clima de confianza. A trav\u00e9s de actividades formativas y recreativas, hemos trabajado para que los estudiantes puedan expresar sus emociones y opiniones de manera segura, contribuyendo a que cada uno se sienta parte de un entorno que lo acoge y respeta.<\/p>\n<p style=\"text-align: justify;\">Este a\u00f1o tambi\u00e9n enfrentamos el reto de fortalecer el sentido de pertenencia y el compromiso con la comunidad escolar. Sabemos que la convivencia escolar no es responsabilidad de unos pocos, sino de todos. Las iniciativas para promover el trabajo colaborativo en clases, talleres y actividades extracurriculares permitieron que estudiantes de diferentes niveles interactuaran, creando lazos de compa\u00f1erismo y solidaridad. Esto ha sido esencial para que todos comprendan el valor de ser parte de una comunidad que avanza unida hacia el respeto y la responsabilidad compartida.<\/p>\n<p style=\"text-align: justify;\">Por \u00faltimo, queremos destacar el rol fundamental de las familias en este proceso. Las reuniones y talleres con padres y apoderados son espacios para compartir estrategias que tambi\u00e9n se aplican en el hogar y que refuerzan los valores de respeto y tolerancia que buscamos en el aula. La alianza entre la familia y la escuela es clave para construir una cultura de convivencia s\u00f3lida y positiva.<\/p>\n<p style=\"text-align: justify;\">Cerramos este a\u00f1o con la certeza de que, aunque los desaf\u00edos en la convivencia escolar son constantes, hemos dado grandes pasos hacia una comunidad m\u00e1s emp\u00e1tica, justa y respetuosa. El camino es largo, pero con el compromiso de cada uno de nosotros \u2013estudiantes, familias, docentes y directivos\u2013, podemos seguir construyendo una convivencia escolar que permita que todos los miembros de nuestra comunidad se sientan valorados y en paz.<\/p>\n<p>[\/vc_column_text][vc_separator][vc_btn title=&#8221;PROTOCOLO 2025 (COMPLETO)&#8221; color=&#8221;success&#8221; i_icon_fontawesome=&#8221;far fa-file-pdf&#8221; add_icon=&#8221;true&#8221; link=&#8221;url:http%3A%2F%2Fetchegoyen.cl%2Fcasacentral%2Fwp-content%2Fuploads%2F2025%2F12%2FPROTOCOLOS-completo-2025.pdf|target:_blank&#8221;][vc_separator color=&#8221;black&#8221;][vc_btn title=&#8221;REGLAMENTO INTERNO DE CONVIVENCIA ESCOLAR &#8211; A\u00d1O 2025&#8243; color=&#8221;success&#8221; i_icon_fontawesome=&#8221;far fa-file-pdf&#8221; add_icon=&#8221;true&#8221; link=&#8221;url:http%3A%2F%2Fetchegoyen.cl%2Fcasacentral%2Fwp-content%2Fuploads%2F2025%2F12%2FRCE-actualizado.pdf|target:_blank&#8221;][vc_separator color=&#8221;black&#8221;][vc_btn title=&#8221;PROTOCOLO LEY KARIN&#8221; color=&#8221;success&#8221; i_icon_fontawesome=&#8221;far fa-file-pdf&#8221; add_icon=&#8221;true&#8221; link=&#8221;url:http%3A%2F%2Fetchegoyen.cl%2Fcasacentral%2Fwp-content%2Fuploads%2F2024%2F08%2FPROTOCOLO-LEY-KARIN-COEMTAL-30.07.24-2.pdf|target:_blank&#8221;][vc_separator color=&#8221;black&#8221;][vc_btn title=&#8221;REGLAMENTO DE BECAS ACTUALIZADO&#8221; color=&#8221;success&#8221; i_icon_fontawesome=&#8221;far fa-file-pdf&#8221; add_icon=&#8221;true&#8221; link=&#8221;url:http%3A%2F%2Fetchegoyen.cl%2Fcasacentral%2Fwp-content%2Fuploads%2F2024%2F11%2FReglamento-Convivencia-Escolar-2023-y-Regl.becas-actualizado-1_removed.pdf|target:_blank&#8221;][vc_separator color=&#8221;black&#8221;][vc_btn title=&#8221;PLAN DE CONVIVENCIA ESCOLAR 2025&#8243; color=&#8221;success&#8221; i_icon_fontawesome=&#8221;far fa-file-pdf&#8221; add_icon=&#8221;true&#8221; link=&#8221;url:http%3A%2F%2Fetchegoyen.cl%2Fcasacentral%2Fwp-content%2Fuploads%2F2025%2F03%2FPlan-de-Convivencia-Escolar-2025si.pdf&#8221;][vc_separator color=&#8221;black&#8221;][vc_btn title=&#8221;PROTOCOLO DE ACTUACI\u00d3N FRENTE A ACCIDENTES DE P\u00c1RVULOS 2025&#8243; color=&#8221;success&#8221; i_icon_fontawesome=&#8221;fas fa-file-pdf&#8221; add_icon=&#8221;true&#8221; link=&#8221;url:http%3A%2F%2Fetchegoyen.cl%2Fcasacentral%2Fwp-content%2Fuploads%2F2025%2F08%2FProtocolo-de-Actuacion-Frente-a-Accidentes-de-Parvulos-agosto-2025-1.pdf&#8221;][vc_separator color=&#8221;black&#8221;][\/vc_column][\/vc_row]<\/p>\n","protected":false},"excerpt":{"rendered":"<p>[vc_row][vc_column][vc_single_image image=&#8221;13816&#8243; img_size=&#8221;large&#8221; alignment=&#8221;center&#8221;][vc_column_text] Camila Mesas Galaz &#8211;\u00a0 Paula Ch\u00e1vez Hern\u00e1ndez [\/vc_column_text][vc_separator][vc_column_text] &#8220;Desaf\u00edos de la Convivencia Escolar: Construyendo Comunidades de Respeto y Colaboraci\u00f3n&#8221; La convivencia escolar sigue siendo&#8230;<\/p>\n","protected":false},"author":1,"featured_media":0,"parent":0,"menu_order":0,"comment_status":"closed","ping_status":"closed","template":"","meta":{"footnotes":"","_links_to":"","_links_to_target":""},"class_list":["post-6716","page","type-page","status-publish","hentry"],"_links":{"self":[{"href":"http:\/\/etchegoyen.cl\/casacentral\/wp-json\/wp\/v2\/pages\/6716","targetHints":{"allow":["GET"]}}],"collection":[{"href":"http:\/\/etchegoyen.cl\/casacentral\/wp-json\/wp\/v2\/pages"}],"about":[{"href":"http:\/\/etchegoyen.cl\/casacentral\/wp-json\/wp\/v2\/types\/page"}],"author":[{"embeddable":true,"href":"http:\/\/etchegoyen.cl\/casacentral\/wp-json\/wp\/v2\/users\/1"}],"replies":[{"embeddable":true,"href":"http:\/\/etchegoyen.cl\/casacentral\/wp-json\/wp\/v2\/comments?post=6716"}],"version-history":[{"count":56,"href":"http:\/\/etchegoyen.cl\/casacentral\/wp-json\/wp\/v2\/pages\/6716\/revisions"}],"predecessor-version":[{"id":13820,"href":"http:\/\/etchegoyen.cl\/casacentral\/wp-json\/wp\/v2\/pages\/6716\/revisions\/13820"}],"wp:attachment":[{"href":"http:\/\/etchegoyen.cl\/casacentral\/wp-json\/wp\/v2\/media?parent=6716"}],"curies":[{"name":"wp","href":"https:\/\/api.w.org\/{rel}","templated":true}]}}