{"id":271,"date":"2022-12-26T12:48:22","date_gmt":"2022-12-26T12:48:22","guid":{"rendered":"http:\/\/etchegoyen.cl\/coemtal\/?page_id=271"},"modified":"2025-12-09T13:05:08","modified_gmt":"2025-12-09T13:05:08","slug":"departamento-de-comunicacion","status":"publish","type":"page","link":"http:\/\/etchegoyen.cl\/coemtal\/departamento-de-comunicacion\/","title":{"rendered":"DEPARTAMENTO DE COMUNICACI\u00d3N Y DIFUSI\u00d3N COEMTAL"},"content":{"rendered":"<p>[vc_row][vc_column][vc_single_image image=&#8221;482&#8243; img_size=&#8221;full&#8221;][vc_column_text]<\/p>\n<h3 style=\"text-align: center;\"><strong>Patricio Reyes Cuevas, Comunicador Audiovisual\u00a0<\/strong><\/h3>\n<h3 style=\"text-align: center;\"><strong>Alex Medina Rodr\u00edguez, Periodista<\/strong><\/h3>\n<p>[\/vc_column_text][vc_column_text]<\/p>\n<h2 style=\"text-align: center;\"><strong>EL VALOR DE INFORMAR Y EDUCAR<\/strong><\/h2>\n<p style=\"text-align: center;\">En un mundo interconectado, dominado por la tecnolog\u00eda y donde la informaci\u00f3n representa una herramienta clave, resulta fundamental estar al tanto de lo que sucede a nuestro alrededor. Esto cobra a\u00fan m\u00e1s relevancia dentro del \u00e1mbito escolar, donde estudiantes, docentes y familias forman parte activa de la comunidad educativa. Y qu\u00e9 mejor que sean los propios alumnos, guiados por sus profesores, quienes asuman el desaf\u00edo de comunicar de manera innovadora y efectiva.<\/p>\n<p style=\"text-align: center;\">Uno de los servicios m\u00e1s destacados que ofrece la Corporaci\u00f3n Educacional Mas\u00f3nica de Talcahuano (COEMTAL) es su Departamento de Comunicaci\u00f3n y Difusi\u00f3n. Desde su creaci\u00f3n en 2016, este equipo ha estado presente en diversas instituciones, como el Colegio Etchegoyen Casa Central, el Colegio Etchegoyen sede Brisa del Sol, la Sala Cuna y Jard\u00edn Infantil Gota de Leche, y la Sala Cuna y Jard\u00edn Infantil Brisa del Sol.<\/p>\n<p style=\"text-align: center;\">Este departamento no solo proporciona un apoyo comunicacional integral, sino que tambi\u00e9n busca fortalecer las competencias de los docentes y equipos directivos, permiti\u00e9ndoles desarrollar en los estudiantes habilidades clave en comunicaci\u00f3n. Adem\u00e1s, act\u00faa como una plataforma estrat\u00e9gica para difundir el Proyecto Educativo Institucional (PEI), promoviendo sus valores y principios a trav\u00e9s de diversos canales como p\u00e1ginas web, la Radio Etchegoyen 107.3 FM y el canal de YouTube COEMTAL.<\/p>\n<p style=\"text-align: center;\">Las iniciativas y programas impulsados por este departamento tienen como prop\u00f3sito transmitir mensajes alineados con la identidad institucional, tanto a los alumnos como a sus familias. Asimismo, su labor en la producci\u00f3n de contenido audiovisual permite dar visibilidad a los valores institucionales y a las actividades m\u00e1s relevantes de los establecimientos.<\/p>\n<p style=\"text-align: center;\">M\u00e1s all\u00e1 de ser un simple equipo de comunicaci\u00f3n, la misi\u00f3n es integrar las nuevas tecnolog\u00edas en la educaci\u00f3n, fomentando el desarrollo de competencias expresivas y comunicativas en los estudiantes a trav\u00e9s de proyectos y actividades concretas.<\/p>\n<p style=\"text-align: center;\">Por \u00faltimo, la incorporaci\u00f3n de plataformas audiovisuales, medios radiales y televisivos, as\u00ed como la cobertura de eventos clave, se ha convertido en un recurso esencial para las nuevas generaciones. Durante la pandemia, este departamento demostr\u00f3 su verdadero impacto, facilitando la continuidad del aprendizaje y apoyando tanto a docentes como a asistentes de la educaci\u00f3n en su labor diaria.<\/p>\n<p>[\/vc_column_text][\/vc_column][\/vc_row]<\/p>\n","protected":false},"excerpt":{"rendered":"<p>[vc_row][vc_column][vc_single_image image=&#8221;482&#8243; img_size=&#8221;full&#8221;][vc_column_text] Patricio Reyes Cuevas, Comunicador Audiovisual\u00a0 Alex Medina Rodr\u00edguez, Periodista [\/vc_column_text][vc_column_text] EL VALOR DE INFORMAR Y EDUCAR En un mundo interconectado, dominado por la tecnolog\u00eda y&#8230;<\/p>\n","protected":false},"author":1,"featured_media":0,"parent":0,"menu_order":0,"comment_status":"closed","ping_status":"closed","template":"","meta":{"footnotes":"","_links_to":"","_links_to_target":""},"class_list":["post-271","page","type-page","status-publish","hentry"],"_links":{"self":[{"href":"http:\/\/etchegoyen.cl\/coemtal\/wp-json\/wp\/v2\/pages\/271","targetHints":{"allow":["GET"]}}],"collection":[{"href":"http:\/\/etchegoyen.cl\/coemtal\/wp-json\/wp\/v2\/pages"}],"about":[{"href":"http:\/\/etchegoyen.cl\/coemtal\/wp-json\/wp\/v2\/types\/page"}],"author":[{"embeddable":true,"href":"http:\/\/etchegoyen.cl\/coemtal\/wp-json\/wp\/v2\/users\/1"}],"replies":[{"embeddable":true,"href":"http:\/\/etchegoyen.cl\/coemtal\/wp-json\/wp\/v2\/comments?post=271"}],"version-history":[{"count":8,"href":"http:\/\/etchegoyen.cl\/coemtal\/wp-json\/wp\/v2\/pages\/271\/revisions"}],"predecessor-version":[{"id":484,"href":"http:\/\/etchegoyen.cl\/coemtal\/wp-json\/wp\/v2\/pages\/271\/revisions\/484"}],"wp:attachment":[{"href":"http:\/\/etchegoyen.cl\/coemtal\/wp-json\/wp\/v2\/media?parent=271"}],"curies":[{"name":"wp","href":"https:\/\/api.w.org\/{rel}","templated":true}]}}