{"id":68,"date":"2022-11-09T16:52:04","date_gmt":"2022-11-09T16:52:04","guid":{"rendered":"http:\/\/etchegoyen.cl\/coemtal\/?page_id=68"},"modified":"2023-04-25T16:31:47","modified_gmt":"2023-04-25T16:31:47","slug":"mision-vision-valores","status":"publish","type":"page","link":"http:\/\/etchegoyen.cl\/coemtal\/corporacion\/mision-vision-valores\/","title":{"rendered":"Misi\u00f3n \u2013 Visi\u00f3n &#8211; Valores"},"content":{"rendered":"<p>[vc_row][vc_column][vc_custom_heading text=&#8221;MISI\u00d3N:&#8221; font_container=&#8221;tag:h2|text_align:left|color:%231e73be&#8221;][vc_column_text]<\/p>\n<p style=\"text-align: justify;\">Anhelamos un ser humano laico y humanista, abierto a todos los pensamientos, ideolog\u00edas y creencias. Adherimos al pluralismo y respeto a la diversidad en un ambiente pedag\u00f3gico de calidad, para as\u00ed, formar personas aut\u00f3nomas con condiciones de liderazgo, creativas, con alto compromiso ciudadano, altas expectativas acad\u00e9micas y personales, cuidadoso de su entorno, para lo cual el colegio proveer\u00e1 un s\u00f3lido marco val\u00f3rico.<\/p>\n<p>[\/vc_column_text][vc_custom_heading text=&#8221;VISI\u00d3N:&#8221; font_container=&#8221;tag:h2|text_align:left|color:%231e73be&#8221;][vc_column_text]<\/p>\n<p style=\"text-align: justify;\">Nuestra misi\u00f3n est\u00e1 dirigida en formar personas humanistas, laicos, tolerantes, fraternos, solidarios, socialmente sensibles, con esp\u00edritu democr\u00e1tico por medio de metodolog\u00edas en que los alumnos sean protagonistas de su propio aprendizaje con activa participaci\u00f3n y compromiso de la familia para que sean capaces de desarrollar su personal proyecto de vida social, profesional y laboral a trav\u00e9s de estudios superiores<\/p>\n<p>[\/vc_column_text][\/vc_column][\/vc_row]<\/p>\n","protected":false},"excerpt":{"rendered":"<p>[vc_row][vc_column][vc_custom_heading text=&#8221;MISI\u00d3N:&#8221; font_container=&#8221;tag:h2|text_align:left|color:%231e73be&#8221;][vc_column_text] Anhelamos un ser humano laico y humanista, abierto a todos los pensamientos, ideolog\u00edas y creencias. Adherimos al pluralismo y respeto a la diversidad en un&#8230;<\/p>\n","protected":false},"author":1,"featured_media":0,"parent":64,"menu_order":0,"comment_status":"closed","ping_status":"closed","template":"","meta":{"footnotes":"","_links_to":"","_links_to_target":""},"class_list":["post-68","page","type-page","status-publish","hentry"],"_links":{"self":[{"href":"http:\/\/etchegoyen.cl\/coemtal\/wp-json\/wp\/v2\/pages\/68","targetHints":{"allow":["GET"]}}],"collection":[{"href":"http:\/\/etchegoyen.cl\/coemtal\/wp-json\/wp\/v2\/pages"}],"about":[{"href":"http:\/\/etchegoyen.cl\/coemtal\/wp-json\/wp\/v2\/types\/page"}],"author":[{"embeddable":true,"href":"http:\/\/etchegoyen.cl\/coemtal\/wp-json\/wp\/v2\/users\/1"}],"replies":[{"embeddable":true,"href":"http:\/\/etchegoyen.cl\/coemtal\/wp-json\/wp\/v2\/comments?post=68"}],"version-history":[{"count":6,"href":"http:\/\/etchegoyen.cl\/coemtal\/wp-json\/wp\/v2\/pages\/68\/revisions"}],"predecessor-version":[{"id":359,"href":"http:\/\/etchegoyen.cl\/coemtal\/wp-json\/wp\/v2\/pages\/68\/revisions\/359"}],"up":[{"embeddable":true,"href":"http:\/\/etchegoyen.cl\/coemtal\/wp-json\/wp\/v2\/pages\/64"}],"wp:attachment":[{"href":"http:\/\/etchegoyen.cl\/coemtal\/wp-json\/wp\/v2\/media?parent=68"}],"curies":[{"name":"wp","href":"https:\/\/api.w.org\/{rel}","templated":true}]}}

Misión – Visión &#8211; Valores

<p>[vc_row][vc_column][vc_custom_heading text=&#8221;MISIÓN:&#8221; font_container=&#8221;tag:h2|text_align:left|color:%231e73be&#8221;][vc_column_text]</p>
<p style="text-align: justify;">Anhelamos un ser humano laico y humanista, abierto a todos los pensamientos, ideologías y creencias. Adherimos al pluralismo y respeto a la diversidad en un ambiente pedagógico de calidad, para así, formar personas autónomas con condiciones de liderazgo, creativas, con alto compromiso ciudadano, altas expectativas académicas y personales, cuidadoso de su entorno, para lo cual el colegio proveerá un sólido marco valórico.</p>
<p>[/vc_column_text][vc_custom_heading text=&#8221;VISIÓN:&#8221; font_container=&#8221;tag:h2|text_align:left|color:%231e73be&#8221;][vc_column_text]</p>
<p style="text-align: justify;">Nuestra misión está dirigida en formar personas humanistas, laicos, tolerantes, fraternos, solidarios, socialmente sensibles, con espíritu democrático por medio de metodologías en que los alumnos sean protagonistas de su propio aprendizaje con activa participación y compromiso de la familia para que sean capaces de desarrollar su personal proyecto de vida social, profesional y laboral a través de estudios superiores</p>
<p>[/vc_column_text][/vc_column][/vc_row]</p>

<p>[vc_row][vc_column][vc_custom_heading text=&#8221;MISIÓN:&#8221; font_container=&#8221;tag:h2|text_align:left|color:%231e73be&#8221;][vc_column_text] Anhelamos un ser humano laico y humanista, abierto a todos los pensamientos, ideologías y creencias. Adherimos al pluralismo y respeto a la diversidad en un&#8230;</p>
