{"id":6853,"date":"2023-03-24T12:38:22","date_gmt":"2023-03-24T12:38:22","guid":{"rendered":"http:\/\/etchegoyen.cl\/jardinbrisadelsol\/?page_id=6853"},"modified":"2025-10-20T12:21:19","modified_gmt":"2025-10-20T12:21:19","slug":"protocolos","status":"publish","type":"page","link":"http:\/\/etchegoyen.cl\/jardinbrisadelsol\/protocolos\/","title":{"rendered":"PROTOCOLOS"},"content":{"rendered":"<section class=\"wpb-content-wrapper\"><p>[vc_row][vc_column][vc_single_image image=&#8221;6859&#8243; img_size=&#8221;FULL&#8221;][vc_btn title=&#8221;PROTOCOLO DE ACCION FRENTE AGRESIONES&#8221; color=&#8221;danger&#8221; i_icon_fontawesome=&#8221;fas fa-file-pdf&#8221; add_icon=&#8221;true&#8221; link=&#8221;url:http%3A%2F%2Fetchegoyen.cl%2Fjardinbrisadelsol%2Fwp-content%2Fuploads%2F2023%2F03%2FPROTOCOLO-DE-ACCION-FRENTE-AGRESIONES-2.pdf|target:_blank&#8221;][vc_column_text]<strong>&#8212;&#8212;&#8212;&#8212;&#8212;&#8212;&#8212;&#8212;&#8212;&#8212;&#8212;&#8212;&#8212;&#8212;&#8212;&#8212;&#8212;&#8212;&#8212;&#8212;&#8212;&#8212;&#8212;&#8212;&#8212;&#8212;&#8212;&#8212;&#8212;&#8212;&#8212;-<\/strong>[\/vc_column_text][vc_btn title=&#8221;PROTOCOLOS DE SEGURIDAD Y CUIDADO INFANTIL UNIDADES EDUCATIVAS JUNJI&#8221; color=&#8221;danger&#8221; i_icon_fontawesome=&#8221;fas fa-file-pdf&#8221; add_icon=&#8221;true&#8221; link=&#8221;url:http%3A%2F%2Fetchegoyen.cl%2Fjardinbrisadelsol%2Fwp-content%2Fuploads%2F2023%2F04%2FManual-de-Protocolos-de-Seguridad-y-Cuidado-Infantil-Unidades-Educativas-JUNJI.pdf|target:_blank&#8221;][vc_separator][vc_btn title=&#8221;MANUAL DE SALUD DEL P\u00c1RVULO&#8221; color=&#8221;danger&#8221; i_icon_fontawesome=&#8221;fas fa-file-pdf&#8221; add_icon=&#8221;true&#8221; link=&#8221;url:http%3A%2F%2Fetchegoyen.cl%2Fjardinbrisadelsol%2Fwp-content%2Fuploads%2F2024%2F04%2FMANUAL-DE-SALUD-DEL-PARVULO.pdf|target:_blank&#8221;][vc_column_text]<strong>&#8212;&#8212;&#8212;&#8212;&#8212;&#8212;&#8212;&#8212;&#8212;&#8212;&#8212;&#8212;&#8212;&#8212;&#8212;&#8212;&#8212;&#8212;&#8212;&#8212;&#8212;&#8212;&#8212;&#8212;&#8212;&#8212;&#8212;&#8212;&#8212;&#8212;&#8212;-<\/strong>[\/vc_column_text][vc_btn title=&#8221;PROTOCOLO DE DETECCION DE VULNERACION DE DERECHOS MALTRATO Y ABUSO CONNOTACION SEXUAL&#8221; color=&#8221;danger&#8221; i_icon_fontawesome=&#8221;fas fa-file-pdf&#8221; add_icon=&#8221;true&#8221; link=&#8221;url:http%3A%2F%2Fetchegoyen.cl%2Fjardinbrisadelsol%2Fwp-content%2Fuploads%2F2023%2F03%2FPROTOCOLO-DE-DETECCION-DE-VULNERACION-DE-DERECHOS-MALTRATO-Y-ABUSO-CONNOTACION-SEXUAL.pdf|target:_blank&#8221;][vc_column_text]<strong>&#8212;&#8212;&#8212;&#8212;&#8212;&#8212;&#8212;&#8212;&#8212;&#8212;&#8212;&#8212;&#8212;&#8212;&#8212;&#8212;&#8212;&#8212;&#8212;&#8212;&#8212;&#8212;&#8212;&#8212;&#8212;&#8212;&#8212;&#8212;&#8212;&#8212;&#8212;-<\/strong>[\/vc_column_text][vc_btn title=&#8221;PROTOCOLO DE CUMPLEA\u00d1OS&#8221; color=&#8221;danger&#8221; link=&#8221;url:http%3A%2F%2Fetchegoyen.cl%2Fjardinbrisadelsol%2Fwp-content%2Fuploads%2F2024%2F06%2Fprotocolo-cumpleanos-actualizado-2024.docx|target:_blank&#8221;][vc_column_text]<strong>&#8212;&#8212;&#8212;&#8212;&#8212;&#8212;&#8212;&#8212;&#8212;&#8212;&#8212;&#8212;&#8212;&#8212;&#8212;&#8212;&#8212;&#8212;&#8212;&#8212;&#8212;&#8212;&#8212;&#8212;&#8212;&#8212;&#8212;&#8212;&#8212;&#8212;&#8212;-<\/strong>[\/vc_column_text][vc_btn title=&#8221;PROTOCOLO LEY KARIN&#8221; color=&#8221;danger&#8221; link=&#8221;url:http%3A%2F%2Fetchegoyen.cl%2Fjardinbrisadelsol%2Fwp-content%2Fuploads%2F2024%2F08%2FPROTOCOLO-LEY-KARIN-COEMTAL-30.07.24-2.pdf|target:_blank&#8221;][vc_column_text]<strong>&#8212;&#8212;&#8212;&#8212;&#8212;&#8212;&#8212;&#8212;&#8212;&#8212;&#8212;&#8212;&#8212;&#8212;&#8212;&#8212;&#8212;&#8212;&#8212;&#8212;&#8212;&#8212;&#8212;&#8212;&#8212;&#8212;&#8212;&#8212;&#8212;&#8212;&#8212;-<\/strong>[\/vc_column_text][vc_btn title=&#8221;PROTOCOLO DE RESPUESTA A SITUACIONES DE DESREGULACI\u00d3N EMOCIONAL Y CONDUCTUAL CON NI\u00d1OS, NI\u00d1AS EN EL ESPECTRO AUTISTA &#8221; color=&#8221;danger&#8221; link=&#8221;url:http%3A%2F%2Fetchegoyen.cl%2Fjardinbrisadelsol%2Fwp-content%2Fuploads%2F2025%2F10%2Fprotocolo-DEC.pdf|target:_blank&#8221;][\/vc_column][\/vc_row]<\/p>\n<\/section>","protected":false},"excerpt":{"rendered":"<p>[vc_row][vc_column][vc_single_image image=&#8221;6859&#8243; img_size=&#8221;FULL&#8221;][vc_btn title=&#8221;PROTOCOLO DE ACCION FRENTE AGRESIONES&#8221; color=&#8221;danger&#8221; i_icon_fontawesome=&#8221;fas fa-file-pdf&#8221; add_icon=&#8221;true&#8221; link=&#8221;url:http%3A%2F%2Fetchegoyen.cl%2Fjardinbrisadelsol%2Fwp-content%2Fuploads%2F2023%2F03%2FPROTOCOLO-DE-ACCION-FRENTE-AGRESIONES-2.pdf|target:_blank&#8221;][vc_column_text]&#8212;&#8212;&#8212;&#8212;&#8212;&#8212;&#8212;&#8212;&#8212;&#8212;&#8212;&#8212;&#8212;&#8212;&#8212;&#8212;&#8212;&#8212;&#8212;&#8212;&#8212;&#8212;&#8212;&#8212;&#8212;&#8212;&#8212;&#8212;&#8212;&#8212;&#8212;-[\/vc_column_text][vc_btn title=&#8221;PROTOCOLOS DE SEGURIDAD Y CUIDADO INFANTIL UNIDADES EDUCATIVAS JUNJI&#8221; color=&#8221;danger&#8221; i_icon_fontawesome=&#8221;fas fa-file-pdf&#8221; add_icon=&#8221;true&#8221; link=&#8221;url:http%3A%2F%2Fetchegoyen.cl%2Fjardinbrisadelsol%2Fwp-content%2Fuploads%2F2023%2F04%2FManual-de-Protocolos-de-Seguridad-y-Cuidado-Infantil-Unidades-Educativas-JUNJI.pdf|target:_blank&#8221;][vc_separator][vc_btn title=&#8221;MANUAL&#8230;<\/p>\n","protected":false},"author":1,"featured_media":0,"parent":0,"menu_order":0,"comment_status":"closed","ping_status":"closed","template":"","meta":{"footnotes":"","_links_to":"","_links_to_target":""},"class_list":["post-6853","page","type-page","status-publish","hentry"],"_links":{"self":[{"href":"http:\/\/etchegoyen.cl\/jardinbrisadelsol\/wp-json\/wp\/v2\/pages\/6853","targetHints":{"allow":["GET"]}}],"collection":[{"href":"http:\/\/etchegoyen.cl\/jardinbrisadelsol\/wp-json\/wp\/v2\/pages"}],"about":[{"href":"http:\/\/etchegoyen.cl\/jardinbrisadelsol\/wp-json\/wp\/v2\/types\/page"}],"author":[{"embeddable":true,"href":"http:\/\/etchegoyen.cl\/jardinbrisadelsol\/wp-json\/wp\/v2\/users\/1"}],"replies":[{"embeddable":true,"href":"http:\/\/etchegoyen.cl\/jardinbrisadelsol\/wp-json\/wp\/v2\/comments?post=6853"}],"version-history":[{"count":20,"href":"http:\/\/etchegoyen.cl\/jardinbrisadelsol\/wp-json\/wp\/v2\/pages\/6853\/revisions"}],"predecessor-version":[{"id":8461,"href":"http:\/\/etchegoyen.cl\/jardinbrisadelsol\/wp-json\/wp\/v2\/pages\/6853\/revisions\/8461"}],"wp:attachment":[{"href":"http:\/\/etchegoyen.cl\/jardinbrisadelsol\/wp-json\/wp\/v2\/media?parent=6853"}],"curies":[{"name":"wp","href":"https:\/\/api.w.org\/{rel}","templated":true}]}}

<section class="wpb-content-wrapper"><p>[vc_row][vc_column][vc_single_image image=&#8221;6859&#8243; img_size=&#8221;FULL&#8221;][vc_btn title=&#8221;PROTOCOLO DE ACCION FRENTE AGRESIONES&#8221; color=&#8221;danger&#8221; i_icon_fontawesome=&#8221;fas fa-file-pdf&#8221; add_icon=&#8221;true&#8221; link=&#8221;url:http%3A%2F%2Fetchegoyen.cl%2Fjardinbrisadelsol%2Fwp-content%2Fuploads%2F2023%2F03%2FPROTOCOLO-DE-ACCION-FRENTE-AGRESIONES-2.pdf|target:_blank&#8221;][vc_column_text]<strong>&#8212;&#8212;&#8212;&#8212;&#8212;&#8212;&#8212;&#8212;&#8212;&#8212;&#8212;&#8212;&#8212;&#8212;&#8212;&#8212;&#8212;&#8212;&#8212;&#8212;&#8212;&#8212;&#8212;&#8212;&#8212;&#8212;&#8212;&#8212;&#8212;&#8212;&#8212;-</strong>[/vc_column_text][vc_btn title=&#8221;PROTOCOLOS DE SEGURIDAD Y CUIDADO INFANTIL UNIDADES EDUCATIVAS JUNJI&#8221; color=&#8221;danger&#8221; i_icon_fontawesome=&#8221;fas fa-file-pdf&#8221; add_icon=&#8221;true&#8221; link=&#8221;url:http%3A%2F%2Fetchegoyen.cl%2Fjardinbrisadelsol%2Fwp-content%2Fuploads%2F2023%2F04%2FManual-de-Protocolos-de-Seguridad-y-Cuidado-Infantil-Unidades-Educativas-JUNJI.pdf|target:_blank&#8221;][vc_separator][vc_btn title=&#8221;MANUAL DE SALUD DEL PÁRVULO&#8221; color=&#8221;danger&#8221; i_icon_fontawesome=&#8221;fas fa-file-pdf&#8221; add_icon=&#8221;true&#8221; link=&#8221;url:http%3A%2F%2Fetchegoyen.cl%2Fjardinbrisadelsol%2Fwp-content%2Fuploads%2F2024%2F04%2FMANUAL-DE-SALUD-DEL-PARVULO.pdf|target:_blank&#8221;][vc_column_text]<strong>&#8212;&#8212;&#8212;&#8212;&#8212;&#8212;&#8212;&#8212;&#8212;&#8212;&#8212;&#8212;&#8212;&#8212;&#8212;&#8212;&#8212;&#8212;&#8212;&#8212;&#8212;&#8212;&#8212;&#8212;&#8212;&#8212;&#8212;&#8212;&#8212;&#8212;&#8212;-</strong>[/vc_column_text][vc_btn title=&#8221;PROTOCOLO DE DETECCION DE VULNERACION DE DERECHOS MALTRATO Y ABUSO CONNOTACION SEXUAL&#8221; color=&#8221;danger&#8221; i_icon_fontawesome=&#8221;fas fa-file-pdf&#8221; add_icon=&#8221;true&#8221; link=&#8221;url:http%3A%2F%2Fetchegoyen.cl%2Fjardinbrisadelsol%2Fwp-content%2Fuploads%2F2023%2F03%2FPROTOCOLO-DE-DETECCION-DE-VULNERACION-DE-DERECHOS-MALTRATO-Y-ABUSO-CONNOTACION-SEXUAL.pdf|target:_blank&#8221;][vc_column_text]<strong>&#8212;&#8212;&#8212;&#8212;&#8212;&#8212;&#8212;&#8212;&#8212;&#8212;&#8212;&#8212;&#8212;&#8212;&#8212;&#8212;&#8212;&#8212;&#8212;&#8212;&#8212;&#8212;&#8212;&#8212;&#8212;&#8212;&#8212;&#8212;&#8212;&#8212;&#8212;-</strong>[/vc_column_text][vc_btn title=&#8221;PROTOCOLO DE CUMPLEAÑOS&#8221; color=&#8221;danger&#8221; link=&#8221;url:http%3A%2F%2Fetchegoyen.cl%2Fjardinbrisadelsol%2Fwp-content%2Fuploads%2F2024%2F06%2Fprotocolo-cumpleanos-actualizado-2024.docx|target:_blank&#8221;][vc_column_text]<strong>&#8212;&#8212;&#8212;&#8212;&#8212;&#8212;&#8212;&#8212;&#8212;&#8212;&#8212;&#8212;&#8212;&#8212;&#8212;&#8212;&#8212;&#8212;&#8212;&#8212;&#8212;&#8212;&#8212;&#8212;&#8212;&#8212;&#8212;&#8212;&#8212;&#8212;&#8212;-</strong>[/vc_column_text][vc_btn title=&#8221;PROTOCOLO LEY KARIN&#8221; color=&#8221;danger&#8221; link=&#8221;url:http%3A%2F%2Fetchegoyen.cl%2Fjardinbrisadelsol%2Fwp-content%2Fuploads%2F2024%2F08%2FPROTOCOLO-LEY-KARIN-COEMTAL-30.07.24-2.pdf|target:_blank&#8221;][vc_column_text]<strong>&#8212;&#8212;&#8212;&#8212;&#8212;&#8212;&#8212;&#8212;&#8212;&#8212;&#8212;&#8212;&#8212;&#8212;&#8212;&#8212;&#8212;&#8212;&#8212;&#8212;&#8212;&#8212;&#8212;&#8212;&#8212;&#8212;&#8212;&#8212;&#8212;&#8212;&#8212;-</strong>[/vc_column_text][vc_btn title=&#8221;PROTOCOLO DE RESPUESTA A SITUACIONES DE DESREGULACIÓN EMOCIONAL Y CONDUCTUAL CON NIÑOS, NIÑAS EN EL ESPECTRO AUTISTA &#8221; color=&#8221;danger&#8221; link=&#8221;url:http%3A%2F%2Fetchegoyen.cl%2Fjardinbrisadelsol%2Fwp-content%2Fuploads%2F2025%2F10%2Fprotocolo-DEC.pdf|target:_blank&#8221;][/vc_column][/vc_row]</p>
</section>
