{"id":6466,"date":"2022-11-21T19:29:41","date_gmt":"2022-11-21T19:29:41","guid":{"rendered":"http:\/\/etchegoyen.cl\/jardingotadeleche\/?page_id=6466"},"modified":"2022-11-23T17:38:05","modified_gmt":"2022-11-23T17:38:05","slug":"mision-y-vision","status":"publish","type":"page","link":"http:\/\/etchegoyen.cl\/jardingotadeleche\/jardin\/mision-y-vision\/","title":{"rendered":"Misi\u00f3n y Visi\u00f3n"},"content":{"rendered":"<section class=\"wpb-content-wrapper\"><p>[vc_row][vc_column][vc_custom_heading text=&#8221;MISI\u00d3N:&#8221; font_container=&#8221;tag:h2|text_align:left|color:%231e73be&#8221;][vc_column_text]<\/p>\n<p style=\"text-align: justify;\"><strong>Sala Cuna y Jardin Infantil \u201cGota de Leche\u201d<\/strong> de Talcahuano, administrado por <strong>COEMTAL<\/strong> y con transferencia de fondos junji, imparte educaci\u00f3n en los niveles sala cuna, medio menor y medio mayor.<\/p>\n<p style=\"text-align: justify;\">Nuestra misi\u00f3n est\u00e1 dirigida a entregar educaci\u00f3n integral a los ni\u00f1os y ni\u00f1as desde los 84 dias hasta los 4 a\u00f1os de edad , que provengan de sectores socialmente vulnerables de nuestra comuna, todo ello mediante un curriculum innovador , prevaleciendo la activa participaci\u00f3n de la comunidad educativa , compromiso de las familias, brindando por sobre todo un buen trato, desarollando ni\u00f1os y ni\u00f1as seguros , solidarios, socialmente sensibles y que sean protagonistas de sus propios aprendizajes.<\/p>\n<p>[\/vc_column_text][vc_custom_heading text=&#8221;VISI\u00d3N&#8221; font_container=&#8221;tag:h2|text_align:left|color:%231e73be&#8221;][vc_column_text]<\/p>\n<p style=\"text-align: justify;\">Anhelamos educar ni\u00f1os y ni\u00f1as en un ambiente pedag\u00f3gico de calidad , para formar personas creativas , sensibles y con iniciativa personal. seguros, solidarios , cuidadosos de su entorno.<\/p>\n<p style=\"text-align: justify;\">Por lo cual sala cuna y jardin infantil \u201cgota de leche\u201d brindar\u00e1 un s\u00f3lido marco val\u00f3rico.<\/p>\n<p>[\/vc_column_text][vc_column_text]<\/p>\n<p style=\"text-align: center;\"><strong><em>\u201cEducando con responsabilidad , formando con amor, haremos un mundo mejor.\u201d<\/em><\/strong><\/p>\n<p>[\/vc_column_text][\/vc_column][\/vc_row]<\/p>\n<\/section>","protected":false},"excerpt":{"rendered":"<p>[vc_row][vc_column][vc_custom_heading text=&#8221;MISI\u00d3N:&#8221; font_container=&#8221;tag:h2|text_align:left|color:%231e73be&#8221;][vc_column_text] Sala Cuna y Jardin Infantil \u201cGota de Leche\u201d de Talcahuano, administrado por COEMTAL y con transferencia de fondos junji, imparte educaci\u00f3n en los niveles sala&#8230;<\/p>\n","protected":false},"author":1,"featured_media":0,"parent":6462,"menu_order":0,"comment_status":"closed","ping_status":"closed","template":"","meta":{"footnotes":"","_links_to":"","_links_to_target":""},"class_list":["post-6466","page","type-page","status-publish","hentry"],"_links":{"self":[{"href":"http:\/\/etchegoyen.cl\/jardingotadeleche\/wp-json\/wp\/v2\/pages\/6466","targetHints":{"allow":["GET"]}}],"collection":[{"href":"http:\/\/etchegoyen.cl\/jardingotadeleche\/wp-json\/wp\/v2\/pages"}],"about":[{"href":"http:\/\/etchegoyen.cl\/jardingotadeleche\/wp-json\/wp\/v2\/types\/page"}],"author":[{"embeddable":true,"href":"http:\/\/etchegoyen.cl\/jardingotadeleche\/wp-json\/wp\/v2\/users\/1"}],"replies":[{"embeddable":true,"href":"http:\/\/etchegoyen.cl\/jardingotadeleche\/wp-json\/wp\/v2\/comments?post=6466"}],"version-history":[{"count":5,"href":"http:\/\/etchegoyen.cl\/jardingotadeleche\/wp-json\/wp\/v2\/pages\/6466\/revisions"}],"predecessor-version":[{"id":6671,"href":"http:\/\/etchegoyen.cl\/jardingotadeleche\/wp-json\/wp\/v2\/pages\/6466\/revisions\/6671"}],"up":[{"embeddable":true,"href":"http:\/\/etchegoyen.cl\/jardingotadeleche\/wp-json\/wp\/v2\/pages\/6462"}],"wp:attachment":[{"href":"http:\/\/etchegoyen.cl\/jardingotadeleche\/wp-json\/wp\/v2\/media?parent=6466"}],"curies":[{"name":"wp","href":"https:\/\/api.w.org\/{rel}","templated":true}]}}