{"id":6468,"date":"2022-11-21T19:30:18","date_gmt":"2022-11-21T19:30:18","guid":{"rendered":"http:\/\/etchegoyen.cl\/jardingotadeleche\/?page_id=6468"},"modified":"2022-12-19T16:54:18","modified_gmt":"2022-12-19T16:54:18","slug":"proyecto-educativo","status":"publish","type":"page","link":"http:\/\/etchegoyen.cl\/jardingotadeleche\/jardin\/proyecto-educativo\/","title":{"rendered":"Proyecto Educativo"},"content":{"rendered":"<section class=\"wpb-content-wrapper\"><p>[vc_row][vc_column][vc_custom_heading text=&#8221;P.E.I.&#8221; font_container=&#8221;tag:h2|text_align:left|color:%231e73be&#8221;][vc_column_text]<\/p>\n<p style=\"text-align: justify;\"><img loading=\"lazy\" decoding=\"async\" class=\"aligncenter size-full wp-image-6656\" src=\"http:\/\/etchegoyen.cl\/jardingotadeleche\/wp-content\/uploads\/2018\/05\/GOTA.png\" alt=\"\" width=\"170\" height=\"163\" \/>En el presente documento se da a conocer el Proyecto Educativo Institucional de la Sala Cuna y Jard\u00edn Infantil \u201cGOTA DE LECHE\u201d V\u00eda Transferencia de Fondos JUNJI y administrado estos recursos por la Corporaci\u00f3n Educacional Mas\u00f3nica de Talcahuano\u201d, el que se constituye desde la informaci\u00f3n recogida la cual es primordial para nuestra gesti\u00f3n educativa en este contexto sociocultural en el cual estamos insertos en la comuna puerto de Talcahuano, ajust\u00e1ndose\u00a0 a un \u00e1mbito local inmediato donde los ejes educativos\u00a0 son en funci\u00f3n de propender a la identidad y pertinencia de nuestros ni\u00f1os-ni\u00f1as y comunidad educativa.<\/p>\n<p style=\"text-align: justify;\">Este Proyecto Educativo\u00a0 surge de la necesidad de planificar todo el accionar y como instrumento v\u00e1lido de planificaci\u00f3n que indica las directrices\u00a0 que como establecimiento debemos seguir, en un marco de trabajo en equipo, colaborativo y donde todos y todas sean parte de \u00e9l.<\/p>\n<p>[\/vc_column_text][vc_btn title=&#8221;DESCARGAR P.E.I. EN PDF&#8221; color=&#8221;danger&#8221; css_animation=&#8221;bounceIn&#8221; link=&#8221;url:http%3A%2F%2Fetchegoyen.cl%2Fjardingotadeleche%2Fwp-content%2Fuploads%2F2022%2F12%2FPEI-GOTA-DE-LECHE-2022-2024-1.pdf|target:_blank&#8221;][\/vc_column][\/vc_row]<\/p>\n<\/section>","protected":false},"excerpt":{"rendered":"<p>[vc_row][vc_column][vc_custom_heading text=&#8221;P.E.I.&#8221; font_container=&#8221;tag:h2|text_align:left|color:%231e73be&#8221;][vc_column_text] En el presente documento se da a conocer el Proyecto Educativo Institucional de la Sala Cuna y Jard\u00edn Infantil \u201cGOTA DE LECHE\u201d V\u00eda Transferencia de&#8230;<\/p>\n","protected":false},"author":1,"featured_media":0,"parent":6462,"menu_order":0,"comment_status":"closed","ping_status":"closed","template":"","meta":{"footnotes":"","_links_to":"","_links_to_target":""},"class_list":["post-6468","page","type-page","status-publish","hentry"],"_links":{"self":[{"href":"http:\/\/etchegoyen.cl\/jardingotadeleche\/wp-json\/wp\/v2\/pages\/6468","targetHints":{"allow":["GET"]}}],"collection":[{"href":"http:\/\/etchegoyen.cl\/jardingotadeleche\/wp-json\/wp\/v2\/pages"}],"about":[{"href":"http:\/\/etchegoyen.cl\/jardingotadeleche\/wp-json\/wp\/v2\/types\/page"}],"author":[{"embeddable":true,"href":"http:\/\/etchegoyen.cl\/jardingotadeleche\/wp-json\/wp\/v2\/users\/1"}],"replies":[{"embeddable":true,"href":"http:\/\/etchegoyen.cl\/jardingotadeleche\/wp-json\/wp\/v2\/comments?post=6468"}],"version-history":[{"count":7,"href":"http:\/\/etchegoyen.cl\/jardingotadeleche\/wp-json\/wp\/v2\/pages\/6468\/revisions"}],"predecessor-version":[{"id":6775,"href":"http:\/\/etchegoyen.cl\/jardingotadeleche\/wp-json\/wp\/v2\/pages\/6468\/revisions\/6775"}],"up":[{"embeddable":true,"href":"http:\/\/etchegoyen.cl\/jardingotadeleche\/wp-json\/wp\/v2\/pages\/6462"}],"wp:attachment":[{"href":"http:\/\/etchegoyen.cl\/jardingotadeleche\/wp-json\/wp\/v2\/media?parent=6468"}],"curies":[{"name":"wp","href":"https:\/\/api.w.org\/{rel}","templated":true}]}}