{"id":6504,"date":"2022-11-22T14:00:22","date_gmt":"2022-11-22T14:00:22","guid":{"rendered":"http:\/\/etchegoyen.cl\/jardingotadeleche\/?page_id=6504"},"modified":"2023-01-26T16:45:57","modified_gmt":"2023-01-26T16:45:57","slug":"directora","status":"publish","type":"page","link":"http:\/\/etchegoyen.cl\/jardingotadeleche\/directora\/","title":{"rendered":"DIRECTORA"},"content":{"rendered":"<section class=\"wpb-content-wrapper\"><p>[vc_row][vc_column][vc_custom_heading text=&#8221;La importancia de la Educaci\u00f3n Inicial&#8221; font_container=&#8221;tag:h2|text_align:left|color:%231e73be&#8221;][vc_column_text]<\/p>\n<figure id=\"attachment_6860\" aria-describedby=\"caption-attachment-6860\" style=\"width: 243px\" class=\"wp-caption alignright\"><img loading=\"lazy\" decoding=\"async\" class=\"size-medium wp-image-6860\" src=\"http:\/\/etchegoyen.cl\/jardingotadeleche\/wp-content\/uploads\/2023\/01\/MONICA-VASQUEZ-VILLANUEVA-243x300.jpg\" alt=\"\" width=\"243\" height=\"300\" srcset=\"http:\/\/etchegoyen.cl\/jardingotadeleche\/wp-content\/uploads\/2023\/01\/MONICA-VASQUEZ-VILLANUEVA-243x300.jpg 243w, http:\/\/etchegoyen.cl\/jardingotadeleche\/wp-content\/uploads\/2023\/01\/MONICA-VASQUEZ-VILLANUEVA.jpg 300w\" sizes=\"auto, (max-width: 243px) 100vw, 243px\" \/><figcaption id=\"caption-attachment-6860\" class=\"wp-caption-text\">M\u00f3nica V\u00e1squez Villanueva &#8211; Directora<\/figcaption><\/figure>\n<p style=\"text-align: justify;\">El desarrollo del cerebro va\u00a0evolucionando\u00a0a trav\u00e9s de redes y conexiones neuronales; considerando genes con los que el ser humano nace y la existencia de un sistema de influencias que brinda el medio ambiente, estos aportes y experiencias variadas van construyendo el cerebro y, por consiguiente, profundizando y potenciando las capacidades de ese ser en la vida adulta.<\/p>\n<p style=\"text-align: justify;\">\u00bfD\u00f3nde los ni\u00f1os y ni\u00f1as reciben principalmente todas esas experiencias enriquecidas que favorecen su desarrollo cerebral ?\u00a0La respuesta hoy en d\u00eda es clara y respaldada por s\u00f3lidos soportes de estudios en\u00a0neurociencias, que sostienen fehacientemente que el cerebro del ni\u00f1o se presenta sensible a la recepci\u00f3n de nuevos est\u00edmulos, siendo como mencion\u00f3 en d\u00e9cadas anteriores la reconocida Dra. Mar\u00eda Montessori las \u201cMentes Absorbentes\u201d dispuestas a ampliarse cognitivamente, pero no s\u00f3lo se requiere desarrollar biol\u00f3gicamente al ni\u00f1o, sino que tambi\u00e9n el entorno social y cultural aportar\u00e1 con experiencias que desarrollen o da\u00f1en su cerebro.<\/p>\n<p style=\"text-align: justify;\">Por ello, la educaci\u00f3n inicial considerada de Sala Cuna , desde los 85 d\u00edas a los 6 a\u00f1os, es esencialmente importante y fundamental para el desarrollo de destrezas b\u00e1sicas y complejas, y la educaci\u00f3n preescolar puede lograr hacer una diferencia significativa y decisiva a lo largo de la vida de los ni\u00f1os y ni\u00f1as de niveles socio econ\u00f3micos bajos.<\/p>\n<p style=\"text-align: justify;\">En los a\u00f1os en que los ni\u00f1os asisten a sala cuna y jardines infantiles, aprenden a interactuar con otras personas ajenas a la familia, afianzando su confianza y seguridad; aprenden a comunicarse, desarrollando su autonom\u00eda, aprenden a trav\u00e9s de la exploraci\u00f3n y aventur\u00e1ndose a conocer nuevas cosas, aprenden a manipular objetos, materiales diversos y variados; realizan actividades que motivan su aprendizaje de lenguaje, matem\u00e1ticas y ciencias; como tambi\u00e9n adquieren facilidad para aprender idiomas y computaci\u00f3n, considerando la \u00e9poca tecnol\u00f3gica en la cual han nacido y crecer\u00e1n; aprenden tambi\u00e9n a expresarse por medio del arte y la m\u00fasica, y no podemos dejar de mencionar la gran relevancia que tiene el \u201cJuego\u201d en la primera infancia, porque tambi\u00e9n se logran aprendizajes, los cuales pueden llegar a ser a\u00fan m\u00e1s \u201csignificativos\u201d.<\/p>\n<p style=\"text-align: justify;\">Por todo lo antes mencionado, y apoyada en autores como Mustard y Leseman, entre otros, puedo afirmar con absoluta convicci\u00f3n que el impacto de la educaci\u00f3n temprana, siendo \u00e9sta de calidad; aumenta el coeficiente intelectual; mejora las habilidades sociales y emocionales; los ni\u00f1os y ni\u00f1as van mejor preparados para enfrentar la Educaci\u00f3n General B\u00e1sica, disminuye la posibilidad de repitencia.<\/p>\n<p style=\"text-align: justify;\">Por tanto, todas estas razones avalan la importancia de la EDUCACI\u00d3N INICIAL, PREESCOLAR , O TEMPRANA; y la responsabilidad por tanto, de educadores, t\u00e9cnicos y cuidadores, como segundos agentes educativos, es de suma importancia en el futuro de ese ni\u00f1o o ni\u00f1a que est\u00e1 bajo nuestra responsabilidad durante los primeros a\u00f1os de su vida.<\/p>\n<p style=\"text-align: center;\"><strong><em>\u201cEL FUTURO DE LOS NI\u00d1OS ES SIEMPRE HOY , MA\u00d1ANA SER\u00c1 TARDE\u201d (Gabriela Mistral)<\/em><\/strong><\/p>\n<p style=\"text-align: center;\"><strong>M\u00f3nica V\u00e1squez Villanueva<\/strong><\/p>\n<p style=\"text-align: center;\"><strong>Directora<\/strong><\/p>\n<p style=\"text-align: center;\"><strong>Sala Cuna y Jard\u00edn Infantil Gota de Leche<\/strong><\/p>\n<p>[\/vc_column_text][\/vc_column][\/vc_row]<\/p>\n<\/section>","protected":false},"excerpt":{"rendered":"<p>[vc_row][vc_column][vc_custom_heading text=&#8221;La importancia de la Educaci\u00f3n Inicial&#8221; font_container=&#8221;tag:h2|text_align:left|color:%231e73be&#8221;][vc_column_text] El desarrollo del cerebro va\u00a0evolucionando\u00a0a trav\u00e9s de redes y conexiones neuronales; considerando genes con los que el ser humano nace&#8230;<\/p>\n","protected":false},"author":1,"featured_media":0,"parent":0,"menu_order":0,"comment_status":"closed","ping_status":"closed","template":"","meta":{"footnotes":"","_links_to":"","_links_to_target":""},"class_list":["post-6504","page","type-page","status-publish","hentry"],"_links":{"self":[{"href":"http:\/\/etchegoyen.cl\/jardingotadeleche\/wp-json\/wp\/v2\/pages\/6504","targetHints":{"allow":["GET"]}}],"collection":[{"href":"http:\/\/etchegoyen.cl\/jardingotadeleche\/wp-json\/wp\/v2\/pages"}],"about":[{"href":"http:\/\/etchegoyen.cl\/jardingotadeleche\/wp-json\/wp\/v2\/types\/page"}],"author":[{"embeddable":true,"href":"http:\/\/etchegoyen.cl\/jardingotadeleche\/wp-json\/wp\/v2\/users\/1"}],"replies":[{"embeddable":true,"href":"http:\/\/etchegoyen.cl\/jardingotadeleche\/wp-json\/wp\/v2\/comments?post=6504"}],"version-history":[{"count":6,"href":"http:\/\/etchegoyen.cl\/jardingotadeleche\/wp-json\/wp\/v2\/pages\/6504\/revisions"}],"predecessor-version":[{"id":6865,"href":"http:\/\/etchegoyen.cl\/jardingotadeleche\/wp-json\/wp\/v2\/pages\/6504\/revisions\/6865"}],"wp:attachment":[{"href":"http:\/\/etchegoyen.cl\/jardingotadeleche\/wp-json\/wp\/v2\/media?parent=6504"}],"curies":[{"name":"wp","href":"https:\/\/api.w.org\/{rel}","templated":true}]}}