{"id":8199,"date":"2024-04-18T17:30:31","date_gmt":"2024-04-18T17:30:31","guid":{"rendered":"http:\/\/etchegoyen.cl\/sedebrisadelsol\/?page_id=8199"},"modified":"2025-06-17T16:29:24","modified_gmt":"2025-06-17T16:29:24","slug":"anuarios","status":"publish","type":"page","link":"http:\/\/etchegoyen.cl\/sedebrisadelsol\/anuarios\/","title":{"rendered":"ANUARIOS"},"content":{"rendered":"<section class=\"wpb-content-wrapper\"><p>[vc_row][vc_column][vc_column_text]https:\/\/www.youtube.com\/watch?v=wzRehjNdiJs&amp;ab_channel=COEMTAL.[\/vc_column_text][vc_separator][vc_column_text]<\/p>\n<h2>RECOMENDACIONES EN CASO DE TARDANZA AL CARGAR IM\u00c1GENES:<\/h2>\n<p>A continuaci\u00f3n, algunas recomendaciones en caso de que las im\u00e1genes tarden en cargar:<\/p>\n<ul>\n<li style=\"list-style-type: none;\">\n<ul>\n<li>Verificar que la conexi\u00f3n a internet est\u00e9 funcionando correctamente.<\/li>\n<li>Presionar\u00a0<strong>Ctrl + Shift + R<\/strong>\u00a0para forzar una recarga completa de la p\u00e1gina (no utilizar el bot\u00f3n de actualizar del navegador).<\/li>\n<li>Quienes accedieron al bosquejo de prueba presentado el mi\u00e9rcoles 14 de mayo deben tambi\u00e9n usar\u00a0<strong>Ctrl + Shift + R<\/strong>, ya que el navegador podr\u00eda estar mostrando una versi\u00f3n almacenada en cach\u00e9.<\/li>\n<\/ul>\n<\/li>\n<\/ul>\n<p>[\/vc_column_text][vc_btn title=&#8221;ANUARIO COLEGIO ETCHEGOYEN TALCAHUANO 2023&#8243; color=&#8221;success&#8221; i_icon_fontawesome=&#8221;fas fa-book&#8221; add_icon=&#8221;true&#8221; link=&#8221;url:https%3A%2F%2Fanuario2023.vercel.app%2F|target:_blank&#8221;][vc_separator][vc_btn title=&#8221;ANUARIO COLEGIO ETCHEGOYEN TALCAHUANO 2024&#8243; color=&#8221;success&#8221; i_icon_fontawesome=&#8221;fas fa-book&#8221; add_icon=&#8221;true&#8221; link=&#8221;url:https%3A%2F%2Fanuario-etchegoyen.pixelup.cl%2F|target:_blank&#8221;][\/vc_column][\/vc_row]<\/p>\n<\/section>","protected":false},"excerpt":{"rendered":"<p>[vc_row][vc_column][vc_column_text]https:\/\/www.youtube.com\/watch?v=wzRehjNdiJs&amp;ab_channel=COEMTAL.[\/vc_column_text][vc_separator][vc_column_text] RECOMENDACIONES EN CASO DE TARDANZA AL CARGAR IM\u00c1GENES: A continuaci\u00f3n, algunas recomendaciones en caso de que las im\u00e1genes tarden en cargar: Verificar que la conexi\u00f3n a internet&#8230;<\/p>\n","protected":false},"author":1,"featured_media":0,"parent":0,"menu_order":0,"comment_status":"closed","ping_status":"closed","template":"","meta":{"footnotes":"","_links_to":"","_links_to_target":""},"class_list":["post-8199","page","type-page","status-publish","hentry"],"_links":{"self":[{"href":"http:\/\/etchegoyen.cl\/sedebrisadelsol\/wp-json\/wp\/v2\/pages\/8199","targetHints":{"allow":["GET"]}}],"collection":[{"href":"http:\/\/etchegoyen.cl\/sedebrisadelsol\/wp-json\/wp\/v2\/pages"}],"about":[{"href":"http:\/\/etchegoyen.cl\/sedebrisadelsol\/wp-json\/wp\/v2\/types\/page"}],"author":[{"embeddable":true,"href":"http:\/\/etchegoyen.cl\/sedebrisadelsol\/wp-json\/wp\/v2\/users\/1"}],"replies":[{"embeddable":true,"href":"http:\/\/etchegoyen.cl\/sedebrisadelsol\/wp-json\/wp\/v2\/comments?post=8199"}],"version-history":[{"count":9,"href":"http:\/\/etchegoyen.cl\/sedebrisadelsol\/wp-json\/wp\/v2\/pages\/8199\/revisions"}],"predecessor-version":[{"id":9892,"href":"http:\/\/etchegoyen.cl\/sedebrisadelsol\/wp-json\/wp\/v2\/pages\/8199\/revisions\/9892"}],"wp:attachment":[{"href":"http:\/\/etchegoyen.cl\/sedebrisadelsol\/wp-json\/wp\/v2\/media?parent=8199"}],"curies":[{"name":"wp","href":"https:\/\/api.w.org\/{rel}","templated":true}]}}